{"id":385,"date":"2009-10-30T16:40:34","date_gmt":"2009-10-30T15:40:34","guid":{"rendered":"http:\/\/blog.kurze-systems.de\/?page_id=385"},"modified":"2010-12-27T13:54:43","modified_gmt":"2010-12-27T12:54:43","slug":"msdn-aa-uni-rostock","status":"publish","type":"page","link":"https:\/\/www.kurze-systems.de\/?page_id=385","title":{"rendered":"MSDN-AA"},"content":{"rendered":"<p><a href=\"https:\/\/kurze-systems.de\/wp-content\/uploads\/2009\/07\/sp.jpg\"><img loading=\"lazy\" decoding=\"async\" class=\"alignleft\" title=\"sp\" src=\"https:\/\/kurze-systems.de\/wp-content\/uploads\/2009\/07\/sp.jpg\" alt=\"sp\" width=\"76\" height=\"73\" \/><\/a>Mich erreicht seit Tagen eine gewaltige Emailflut, wie man als Student an der Universit\u00e4t Rostock an kostenlose Software herankommt. Ich habe mich deshalb heute dazu entschlossen euch eine Anleitung zum MSDN-AA Programm an der Uni Rostock zu schreiben. Es gibt jedoch einige Unterschiede von Fakult\u00e4t zu Fakult\u00e4t. Zu aller erst schreibe ich euch die M\u00f6glichkeiten als Student der Ingenieurswissenschaften und der Informatik auf um an kostenlose Software heranzukommen (u.a. auch Windows 7).<\/p>\n<p><span style=\"text-decoration: underline;\"><strong>F\u00fcr die Fakult\u00e4ten AUF, IEF, MSF, MNF:<\/strong><\/span><\/p>\n<p>1. Zu aller erst geht Ihr auf die Universit\u00e4tswebseite der Uni Rostock. Dort auf die Webseite des <a title=\"Rechenzentrum Uni Rostock\" href=\"http:\/\/www.rz.uni-rostock.de\/software\/softwarebeschaffung\/softwaredownload-fuer-studierende-und-mitarbeiter-msdnaa\/\" target=\"_blank\">Rechenzentrums<\/a>.<\/p>\n<p>2. Dort geht Ihr auf: <a title=\"MSDN-AA Formular\" onclick=\"Inhalt('..\/Rechenzentrum\/sware\/Beschaffung\/studentenangebote_msdnaa.shtml'); return false;\" href=\"http:\/\/www.rz.uni-rostock.de\/software\/softwarebeschaffung\/softwaredownload-fuer-studierende-und-mitarbeiter-msdnaa\/\" target=\"_blank\">Softwaredownload f\u00fcr Studierende und Mitarbeiter \u2013 MSDNAA<\/a><\/p>\n<p>3. Dann meldet Ihr euch \u00fcber den Login des Rechenzentrums an.<\/p>\n<p>4. Es \u00f6ffnet sich ein Formular welches Ihr sorgf\u00e4ltig ausf\u00fcllen m\u00fcsst.<\/p>\n<p>5. Nach absenden des Formulares sollte nach ein bis zwei Tagen Euch eine Email mit den Zugangsdaten und einem Link zur MSDN-AA (z.B. f\u00fcr die Informatik dieser <a title=\"MSDN-AA Informatik Uni Rostock\" href=\"http:\/\/msdn40.e-academy.com\/urostock_ccenter\" target=\"_blank\">Link<\/a>) der Universit\u00e4t erreichen.<\/p>\n<p>6. Auf dieser ind er Email stehenden Webseite k\u00f6nnt Ihr dann alles runterladen.<\/p>\n<p><span style=\"text-decoration: underline;\"><strong>F\u00fcr die Fakult\u00e4t BWL, WiWi:<\/strong><\/span><\/p>\n<p><span style=\"text-decoration: underline;\">F\u00fcr euch gilt die Anleitung AUF, IEF, MSF, MNF analog, jedoch braucht Ihr im Formular keine Fakult\u00e4t angeben<\/span><\/p>\n<p><span style=\"text-decoration: underline;\">Als Alternative gibt es jedoch auch noch f\u00fcr Euch:<\/span><\/p>\n<p>1. Sollte bei Euch die Anmeldung \u00fcber die IEF nicht klappen gibt es auch noch die M\u00f6glichkeit mit einem leeren Datentr\u00e4ger in der WiWi-Fakult\u00e4t in der Ulmenstra\u00dfe 69 Haus 1 in den Raum U235 zu gehen (<strong>beachtet bitte die \u00d6ffnungszeiten: Di. 13.30-15.00 Uhr; Do. 13.30-15.00 Uhr; Fr. 9.30-11.30 (!)<\/strong>)<\/p>\n<p>2. Dort habt Ihr dann die M\u00f6glichkeit Euch die CD\/DVD dann brennen zu lassen mit einer echten Microsoft-Lizenz.<\/p>\n<p><span style=\"text-decoration: underline;\"><strong>Solltet Ihr einer anderen Fakult\u00e4t angeh\u00f6ren, oder euch fehlt Software in der MSDN-AA:<\/strong><\/span><\/p>\n<p>Entweder Ihr meldet euch analog an wie die AUF, IEF, MSF oder MNF und gebt im Formular keine Fakult\u00e4t an oder Ihr nutzt <a href=\"https:\/\/www.dreamspark.com\/default.aspx\" target=\"_blank\">Dreamsparks<\/a>:<\/p>\n<p>\u00dcber Dreamsparks habt Ihr auch die M\u00f6glichkeit kostenlose Software \u00fcbvon Microsoft zu bekommen. Da gibt es zwar (zur Zeit) kein Windows 7, aber daf\u00fcr Windows 2008 R2 Server oder auch Visual Studio 2005 Professional.<\/p>\n<p><span style=\"text-decoration: underline;\"><strong>Noch ein paar Anmerkungen zur MSDN-AA:<\/strong><\/span><\/p>\n<p>1. Das Officepaket ist leider kein Teil der MSDN-AA an der Uni Rostock. Es gibt allerdings die M\u00f6glichkeit Office 2007 Ultimate (Ladenpreis normalerweise ca. 700\u20ac) als Student f\u00fcr lediglich 52\u20ac zu bekommen. Stichwort ist <a title=\"Das Wahre Office\" href=\"http:\/\/www.microsoft.com\/student\/discounts\/daswahreoffice\/\" target=\"_blank\">\u201cDas Wahre Office\u201d<\/a>. Da habt Ihr auch die M\u00f6glichkeit, wenn Ihr keine MSDN-AA an eurer Fakult\u00e4t besitzen solltet, auch Windows 7 und Windows Vista stark subventioniert zu kaufen.<\/p>\n<p>2. D\u00fcrft Ihr die Software auf zwei Computern gleichzeitig installieren? Ja, solange Ihr der Besitzer beider Computer seit und beide Computer zu Lehrzwecken eingesetzt werden. HINWEIS: Wenn Ihr einen weiteren Schl\u00fcssel f\u00fcr ein Produkt ben\u00f6tigt, wendet Euch an euren Programmadministrator. Freunde, Familienangeh\u00f6rige und Kommilitonen, die derzeit nicht f\u00fcr einen Kurs einer MSDNAA-Fachrichtung eingeschrieben sind, d\u00fcrfen nicht auf die \u00fcber die Website zur Verf\u00fcgung gestellte Software zugreifen oder diese verwenden. (Beispiele f\u00fcr eine ordnungsgem\u00e4\u00dfe Nutzung findet Ihr unter <a href=\"http:\/\/msdn.microsoft.com\/academic\/program\/usageguide\/default.aspx\" target=\"_blank\">http:\/\/msdn.microsoft.com\/academic\/program\/usageguide\/default.aspx<\/a>.)<\/p>\n<p>3. Ihr k\u00f6nnte die Software nach dem Studium mit dem erhaltenen Registrierungsschl\u00fcssel weiter benutzen. Voraussetzung ist, dass Ihr nicht kommerziell damit arbeitet.<\/p>\n<p>4. Um herauszufinden, ob Eure Universit\u00e4t\/Fakult\u00e4t Teil des MSDN-AA Programmes seit, k\u00f6nnt Ihr in der <a title=\"MSDN-AA Suche\" href=\"http:\/\/www.msdnaa.net\/search\/SchoolSearchIntl.aspx\" target=\"_blank\">MSDN-AA Suche<\/a> nachschlagen.<\/p>\n<p>5. Weitere Fragen und Antworten zur MSDN-AA findet Ihr im abschlie\u00dfenden <a title=\"H\u00e4ufig gestellte Fragen\" href=\"http:\/\/msdn40.e-academy.com\/elms\/StorefrontSupport\/MsdnaaFaq.aspx?campus=urostock_ccenter&amp;np1=17&amp;np2=25\" target=\"_blank\">Link<\/a>.<\/p>\n<p>Ich hoffe ich konnte hiermit einige Ungereimtheiten ausr\u00e4umen. Wenn noch Fragen sein sollten k\u00f6nnt Ihr gerne den Artikel kommentieren.<\/p>\n<p>Mfg euer Sascha.<\/p>\n<p><strong>PS: Dreamsparks steht f\u00fcr jeden Sch\u00fcler und Studenten offen. Falls Ihr also keine MSDN-AA bei euch haben solltet!<\/strong><\/p>\n","protected":false},"excerpt":{"rendered":"<div class=\"mh-excerpt\"><p>Mich erreicht seit Tagen eine gewaltige Emailflut, wie man als Student an der Universit\u00e4t Rostock an kostenlose Software herankommt. Ich habe mich deshalb heute dazu <a class=\"mh-excerpt-more\" href=\"https:\/\/www.kurze-systems.de\/?page_id=385\" title=\"MSDN-AA\">[&#8230;]<\/a><\/p>\n<\/div>","protected":false},"author":2,"featured_media":0,"parent":0,"menu_order":0,"comment_status":"open","ping_status":"open","template":"","meta":{"footnotes":""},"class_list":["post-385","page","type-page","status-publish","hentry"],"aioseo_notices":[],"_links":{"self":[{"href":"https:\/\/www.kurze-systems.de\/index.php?rest_route=\/wp\/v2\/pages\/385","targetHints":{"allow":["GET"]}}],"collection":[{"href":"https:\/\/www.kurze-systems.de\/index.php?rest_route=\/wp\/v2\/pages"}],"about":[{"href":"https:\/\/www.kurze-systems.de\/index.php?rest_route=\/wp\/v2\/types\/page"}],"author":[{"embeddable":true,"href":"https:\/\/www.kurze-systems.de\/index.php?rest_route=\/wp\/v2\/users\/2"}],"replies":[{"embeddable":true,"href":"https:\/\/www.kurze-systems.de\/index.php?rest_route=%2Fwp%2Fv2%2Fcomments&post=385"}],"version-history":[{"count":6,"href":"https:\/\/www.kurze-systems.de\/index.php?rest_route=\/wp\/v2\/pages\/385\/revisions"}],"predecessor-version":[{"id":387,"href":"https:\/\/www.kurze-systems.de\/index.php?rest_route=\/wp\/v2\/pages\/385\/revisions\/387"}],"wp:attachment":[{"href":"https:\/\/www.kurze-systems.de\/index.php?rest_route=%2Fwp%2Fv2%2Fmedia&parent=385"}],"curies":[{"name":"wp","href":"https:\/\/api.w.org\/{rel}","templated":true}]}}